.
5
Let a(f) = f**3 + 12*f**2 + 6*f + 1. Determine a(-11).
56
Let l(t) = -t**3 + 12*t**2 + 3*t + 137. What is l(13)?
7
Let s(x) = -x**3 + 8*x**2 - 2*x - 36. Give s(7).
-1
Let k(i) = 96*i + 95. What is k(-1)?
-1
Let b(m) = -7*m + 154. Give b(21).
7
Let x(a) = 49*a - 190. Calculate x(4).
6
Let q(b) = -4*b + 15. Calculate q(6).
-9
Let d(i) = -i**2 - 11*i + 1. Calculate d(-6).
31
Let c(x) = -x**3 + 11*x**2 - 15*x + 9. What is c(10)?
-41
Let l(w) = -w**2 + w + 2. Calculate l(-2).
-4
Let f(b) = -b - 34. Calculate f(-9).
-25
Let a(g) = -3*g**3 - 2*g**2 + g + 2. Give a(-3).
62
Let s(o) = -o**2 - 13*o + 1. Calculate s(-12).
13
Let y(q) = q**3 - 7*q**2 - 6*q - 19. What is y(8)?
-3
Let q(p) = 54*p + 2. Give q(-1).
-52
Let w(k) = 3*k**2 + 31*k + 4. Calculate w(-9).
-32
Let q(y) = 14*y**3 - 2*y**2 - 2*y + 2. Calculate q(2).
102
Let g(d) = 2*d - 23. Give g(8).
-7
Let i(t) = 7*t + 93. What is i(-12)?
9
Let o(y) = -2*y**2 - 11*y - 15. What is o(-3)?
0
Let o(b) = 2*b + 3. What is o(-2)?
-1
Let d(h) = -h**2 - 7*h + 8. Give d(-7).
8
Let p(d) = -8*d - 1. Give p(-1).
7
Let x(g) = g**3 + 20*g**2 + 14*g - 86. Calculate x(-19).
9
Let o(f) = f**3 - 14*f**2 + 51*f - 7. What is o(5)?
23
Let y(b) = 39*b - 37. Give y(1).
2
Let b(l) = -58*l + 352. Determine b(6).
4
Let h(o) = -6*o**2 - 33*o - 30. Calculate h(-5).
-15
Let s(n) = -17*n - 435. What is s(-25)?
-10
Let x(z) = -z**3 - 4*z**2 + 24*z. What is x(-7)?
-21
Let c(k) = 10*k**2 + k + 2. What is c(-1)?
11
Let x(d) = -2*d**2 - 22*d + 28. Determine x(-12).
4
Let x(c) = -c**2 + 9*c + 81. What is x(14)?
11
Let a(m) = m**2 - 10*m - 8. Determine a(13).
31
Let h(n) = 18*n - 25. What is h(2)?
11
Let v(u) = -2*u**3 + 15*u**2 + 4*u - 5. What is v(7)?
72
Let z(i) = 10*i - 175. Determine z(18).
5
Let j(c) = c**3 - 6*c**2 + 2*c + 1. Calculate j(5).
-14
Let o(b) = -7*b - 18. Give o(-7).
31
Let y(k) = 2*k**2 + 10*k + 14. Calculate y(-5).
14
Let a(o) = -o**2 - 39*o + 110. What is a(-42)?
-16
Let o(i) = -i**3 + 15*i**2 - i + 19. What is o(15)?
4
Let v(d) = d**3 + 19*d**2 + 12*d - 31. What is v(-18)?
77
Let t(r) = r - 2. Give t(8).
6
Let k(s) = -3*s**2 + 7*s - 2. Determine k(-4).
-78
Let r(z) = 8*z + 4. Calculate r(-2).
-12
Let x(q) = -q**3 - 8*q**2 + 3*q + 4. Give x(3).
-86
Let o(d) = 5*d**3 - 3*d**2 + 11*d - 12. Give o(2).
38
Let b(f) = f**2 + f - 17. What is b(9)?
73
Let q(f) = f**3 - f**2 - f - 9. Give q(0).
-9
Let h(y) = -7*y + 86. What is h(12)?
2
Let t(y) = -y**3 + 4*y**2 - 8*y + 7. What is t(5)?
-58
Let i(n) = n**3 + 5*n**2 - 50*n + 13. What is i(-10)?
13
Let q(r) = 3*r**2 + 2*r - 4. Determine q(4).
52
Let s(q) = q**2 + 18*q - 14. What is s(-14)?
-70
Let q(x) = -x**2 - 12*x + 21. What is q(-13)?
8
Let d(q) = -q - 16. What is d(-7)?
-9
Let l(v) = 3*v + 86. What is l(-5)?
71
Let i(r) = 10*r - 6. What is i(-10)?
-106
Let h(c) = 7*c + 2. Give h(-3).
-19
Let r(d) = d**3 + 8*d**2 + 7*d - 10. Give r(-7).
-10
Let s(d) = -2*d**2 + 10*d + 1. Determine s(6).
-11
Let n(u) = 9*u - 10. Calculate n(-2).
-28
Let g(l) = 2*l**2 - 3*l + 6. Calculate g(3).
15
Let w(i) = -i**3 - 7*i**2 - 6*i + 5. What is w(-6)?
5
Let w(v) = v**2 + 3*v. What is w(-7)?
28
Let q(u) = -u**3 + 26*u**2 + 27*u + 51. Determine q(27).
51
Let l(z) = 2*z**3 + 5*z**2 - 4*z + 6. Calculate l(-5).
-99
Let k(a) = -15*a**3 + 1. Give k(1).
-14
Let s(z) = -z**3 - 2*z**2 + 2*z + 12. Calculate s(3).
-27
Let l(q) = -q**2 - 27*q - 160. Calculate l(-9).
2
Let r(q) = -4*q**2 - 10*q - 8. Determine r(-6).
-92
Let f(d) = -d**3 + 3*d**2 - 3*d + 3. Determine f(3).
-6
Let m(v) = -v**2 + 7*v - 1. Calculate m(3).
11
Let i(k) = k**3 + 11*k**2 + 12*k - 6. Give i(-10).
-26
Let d(o) = -2*o + 58. What is d(35)?
-12
Let g(u) = -3*u**3 - 14*u**2 - 11*u + 1. What is g(-5)?
81
Let w(g) = g**2 + 7*g + 13. What is w(-3)?
1
Let f(q) = 71*q**2 + q. What is f(1)?
72
Let x(s) = -s**3 + 18*s**2 - 57*s + 19. Calculate x(14).
5
Let g(r) = -3*r**2 + 34*r - 16. Determine g(11).
-5
Let k(h) = -h**2 - 12*h - 34. What is k(-8)?
-2
Let u(j) = 31*j - 55. Give u(2).
7
Let t(p) = -p**2 + 4*p + 17. Give t(-3).
-4
Let n(l) = -6*l - 73. Give n(-13).
5
Let d(y) = -y**3 - 19*y**2 + 20*y - 13. Calculate d(-20).
-13
Let f(n) = 9*n**3 + 6*n + 7. What is f(-1)?
-8
Let p(x) = 30*x - 46. Calculate p(5).
104
Let o(b) = 255*b + 2552. What is o(-10)?
2
Let a(k) = 3*k**2 + 6*k + 20. Give a(-8).
164
Let f(l) = -l**3 - 3*l**2 + l - 4. What is f(-3)?
-7
Let p(g) = -g**3 + 5*g**2 - g. Determine p(-4).
148
Let p(g) = -34*g**2 - 1. What is p(-1)?
-35
Let w(g) = 4*g - 37. What is w(11)?
7
Let f(j) = j**2 + 12*j + 14. Calculate f(-7).
-21
Let f(i) = i**2 + i - 22. Determine f(4).
-2
Let r(t) = 3*t + 1. Calculate r(1).
4
Let j(y) = -22*y + 381. Calculate j(18).
-15
Let j(n) = -n + 7. What is j(0)?
7
Let d(s) = s**2 - 18*s + 47. Determine d(15).
2
Let q(k) = -k**3 - 13*k**2 + 30*k + 20. Determine q(-15).
20
Let g(q) = q - 20. Give g(11).
-9
Let c(d) = -d**2 + 7*d - 12. Give c(2).
-2
Let r(x) = 4*x + 67. Calculate r(-16).
3
Let c(r) = 2*r**2 - 2*r - 9. Calculate c(-3).
15
Let p(k) = k**2 - 4*k - 12. Determine p(6).
0
Let c(x) = x**3 + 14*x**2 + 20. Determine c(-14).
20
Let j(n) = -3*n - 31. Calculate j(-9).
-4
Let z(f) = -26*f + 1381. Determine z(53).
3
Let f(c) = -8*c + 79. Determine f(12).
-17
Let b(d) = -d**2 - 17*d + 5. What is b(0)?
5
Let h(o) = o**2 - 30*o + 216. Give h(11).
7
Let o(z) = -z**3 + 8*z**2 + 10*z - 5. Give o(9).
4
Let b(n) = n**3 + 3*n**2 - 7*n + 14. Give b(0).
14
Let m(v) = v**3 + 9*v**2 - 53*v + 12. Calculate m(-13).
25
Let t(n) = -n**2 + n + 12. What is t(0)?
12
Let j(f) = 2*f**3 - 2*f**2 + f - 4. Give j(-3).
-79
Let k(v) = v**3 + v - 1. Calculate k(0).
-1
Let q(u) = -u**3 - 26*u**2 + 23*u - 72. Give q(-27).
36
Let o(d) = d**3 - 7*d**2 + 5*d - 6. Calculate o(6).
-12
Let h(j) = -2*j + 1. Calculate h(6).
-11
Let c(o) = o**3 - 8*o**2 + 6*o + 4. Calculate c(7).
-3
Let a(z) = -11*z + 245. What is a(22)?
3
Let a(l) = l**2 - 6*l + 4. What is a(5)?
-1
Let t(n) = -n**3 - 16*n**2 - 14*n + 22. Determine t(-15).
7
Let c(z) = -26*z**2 + 3*z - 7. Give c(2).
-105
Let j(p) = -4*p**2 + 3*p + 1. What is j(-3)?
-44
Let d(c) = -12*c - 94. Give d(-14).
74
Let g(a) = -a**3 + 43*a**2 - 155*a - 38. Give g(39).
1
Let k(w) = -w**3 + 20*w**2 + 43*w + 32. Determine k(22).
10
Let a(i) = 2*i**3 - 6*i**2 - i + 7. Calculate a(5).
102
Let b(v) = -38*v**2 + 148*v + 5. Calculate b(4).
-11
Let y(p) = -p**3 - 12*p**2 + 1. Calculate y(-12).
1
Let c(n) = 6*n + 21. What is c(5)?
51
Let n(k) = k**2 - 14*k + 61. Determine n(4).
21
Let m(g) = -g**3 + 7*g**2 - 11*g + 11. Give m(6).
-19
Let p(b) = 7*b**2 - 3*b + 10. Determine p(2).
32
Let o(q) = q**2 + 6*q - 13. Determine o(-10).
27
Let f(o) = o**3 + 10*o**2 - 11*o + 6. Determine f(-11).
6
Let d(l) = -l**3 + 6*l**2 + 161*l - 19. Calculate d(16).
-3
Let h(k) = -4*k - 5. Give h(-2).
3
Let r(o) = -62*o - 614. What is r(-10)?
6
Let z(a) = -3*a**3 - 6*a + 4. Calculate z(2).
-32
Let u(l) = 4*l**3 - 2*l - 5. Give u(-2).
-33
Let a(b) = 48*b + 3. What is a(-1)?
-45
Let c(a) = a**3 - 14*a**2 + 25*a - 16. Give c(12).
-4
Let u(x) = 24*x**3 + 2*x**2 - 1. Determine u(-1).
-23
Let d(z) = -z**3 - 13*z**2 - 14*z - 13. Determine d(-12).
11
Let x(o) = -3*o - 18. Determine x(-3).
-9
Let b(r) = 2*r**2 - 6*r + 6. Give b(4).
14
Let d(p) = p**3 - 15*p**2 - 2*p + 3. Determine d(15).
-27
Let v(g) = 31*g**3. Calculate v(-1).
-31
Let i(a) = -3*a + 24. Determine i(10).
-6
Let z(y) = 18*y**2 + 1. Calculate z(1).
19
Let w(q) = -2*q**3 - 39*q**2 + 19*q - 5. Calculate w(-20).
15
Let d(j) = j**3 + 7*j**2 + 6*j - 4. Calculate d(-5).
16
Let f(j) = 8*j + 6. Give f(-2).
-10
Let x(m) = -2*m + 21. Give x(0).
21
Let b(s) = s**3 + s**2 + 2*s + 78. Calculate b(0).
78
Let m(a) = 4*a + 72. Give m(-17).
4
Let g(s) = s**3 + 3*s**2 - 3*s + 4. Give g(-4).
0
Let c(i) = i**2 - 4*i - 50. What is c(-10)?
90
Let k(i) = -i**2 - 3*i + 57. Calculate k(-10).
-13
Let i(n) = -6*n - 1. Give i(2).
-13
Let f(n) = 2*n**2 - 48*n - 46. Calculate f(26).
58
Let q(d) = d**3 - 5*d**2 - 13*d + 11. Calculate q(7).
18
Let h(s) = -s**2 - 10*s - 8. Calculate h(-7).
13
Let y(b) = -b**2 - 2*b - 7. What is y(-6)?
-31
Let l(d) = 4*d + 20. Give l(-9).
-16
Let i(r) = -r**3 + 14*r**2 - 12*r - 10. Give i(13).
3
Let d(l) = -l**2 + 20*l - 44. Determine d(18).
-8
Let b(y) = 7*y - 237. What is b(33)?
-6
L